{"id":2083,"date":"2026-04-30T10:17:53","date_gmt":"2026-04-30T08:17:53","guid":{"rendered":"https:\/\/cambre-expo.be\/?post_type=tribe_events&#038;p=2083"},"modified":"2026-04-30T10:17:53","modified_gmt":"2026-04-30T08:17:53","slug":"concert-de-jazz-esprit-jazz","status":"publish","type":"tribe_events","link":"https:\/\/cambre-expo.be\/en\/evevenent\/concert-de-jazz-esprit-jazz\/","title":{"rendered":"Jazz concert - ESPRIT JAZZ"},"content":{"rendered":"<p>Lors de ce concert jazz intitul\u00e9 ESPRIT JAZZ, Jean-Fran\u00e7ois Jung et Thomas Diemert interpr\u00e9teront en premi\u00e8re partie du jazz de la Nouvelle-Orl\u00e9ans et en seconde partie des chansons francophones.<\/p>","protected":false},"excerpt":{"rendered":"<p>Lors de ce concert jazz intitul\u00e9 ESPRIT JAZZ, Jean-Fran\u00e7ois Jung et Thomas Diemert interpr\u00e9teront en premi\u00e8re partie du jazz de la Nouvelle-Orl\u00e9ans et en seconde partie des chansons francophones.<\/p>","protected":false},"author":1,"featured_media":2074,"template":"","meta":{"_price":"","_stock":"","_tribe_ticket_header":"","_tribe_default_ticket_provider":"TEC\\Tickets\\Commerce\\Module","_tribe_ticket_capacity":"0","_ticket_start_date":"","_ticket_end_date":"","_tribe_ticket_show_description":"","_tribe_ticket_show_not_going":false,"_tribe_ticket_use_global_stock":"","_tribe_ticket_global_stock_level":"0","_global_stock_mode":"","_global_stock_cap":"","_tribe_rsvp_for_event":"","_tribe_ticket_going_count":"","_tribe_ticket_not_going_count":"","_tribe_tickets_list":"[{\"id\":2084,\"type\":\"default\",\"title\":\"Billet Standard\",\"description\":\"\",\"capacityType\":\"own\",\"price\":\"18\",\"capacity\":70,\"available\":70,\"sharedCapacity\":70,\"sold\":0,\"shareSold\":0,\"isShared\":false,\"currencyDecimalPoint\":\".\",\"currencyNumberOfDecimals\":2,\"currencyPosition\":\"prefix\",\"currencySymbol\":\"\\u20ac\",\"currencyThousandsSep\":\",\"}]","_tribe_ticket_has_attendee_info_fields":false,"_tribe_events_status":"","_tribe_events_status_reason":"","footnotes":"","_tec_slr_enabled":"","_tec_slr_layout":""},"tags":[],"tribe_events_cat":[],"class_list":["post-2083","tribe_events","type-tribe_events","status-publish","has-post-thumbnail","hentry"],"yoast_head":"<!-- This site is optimized with the Yoast SEO plugin v27.5 - https:\/\/yoast.com\/product\/yoast-seo-wordpress\/ -->\n<title>Concert de jazz - ESPRIT JAZZ - Cambre Expo<\/title>\n<meta name=\"robots\" content=\"index, follow, max-snippet:-1, max-image-preview:large, max-video-preview:-1\" \/>\n<link rel=\"canonical\" href=\"https:\/\/cambre-expo.be\/en\/evevenent\/concert-de-jazz-esprit-jazz\/\" \/>\n<meta property=\"og:locale\" content=\"en_GB\" \/>\n<meta property=\"og:type\" content=\"article\" \/>\n<meta property=\"og:title\" content=\"Concert de jazz - ESPRIT JAZZ - Cambre Expo\" \/>\n<meta property=\"og:description\" content=\"Lors de ce concert jazz intitul\u00e9 ESPRIT JAZZ, Jean-Fran\u00e7ois Jung et Thomas Diemert interpr\u00e9teront en premi\u00e8re partie du jazz de la Nouvelle-Orl\u00e9ans et en seconde partie des chansons francophones.\" \/>\n<meta property=\"og:url\" content=\"https:\/\/cambre-expo.be\/en\/evevenent\/concert-de-jazz-esprit-jazz\/\" \/>\n<meta property=\"og:site_name\" content=\"Cambre Expo\" \/>\n<meta property=\"og:image\" content=\"https:\/\/cambre-expo.be\/wp-content\/uploads\/2026\/04\/ok52-scaled.jpg\" \/>\n\t<meta property=\"og:image:width\" content=\"2560\" \/>\n\t<meta property=\"og:image:height\" content=\"1707\" \/>\n\t<meta property=\"og:image:type\" content=\"image\/jpeg\" \/>\n<meta name=\"twitter:card\" content=\"summary_large_image\" \/>\n<meta name=\"twitter:label1\" content=\"Estimated reading time\" \/>\n\t<meta name=\"twitter:data1\" content=\"1 minute\" \/>\n<script type=\"application\/ld+json\" class=\"yoast-schema-graph\">{\"@context\":\"https:\\\/\\\/schema.org\",\"@graph\":[{\"@type\":\"WebPage\",\"@id\":\"https:\\\/\\\/cambre-expo.be\\\/evevenent\\\/concert-de-jazz-esprit-jazz\\\/\",\"url\":\"https:\\\/\\\/cambre-expo.be\\\/evevenent\\\/concert-de-jazz-esprit-jazz\\\/\",\"name\":\"Concert de jazz - ESPRIT JAZZ - Cambre Expo\",\"isPartOf\":{\"@id\":\"https:\\\/\\\/cambre-expo.be\\\/#website\"},\"primaryImageOfPage\":{\"@id\":\"https:\\\/\\\/cambre-expo.be\\\/evevenent\\\/concert-de-jazz-esprit-jazz\\\/#primaryimage\"},\"image\":{\"@id\":\"https:\\\/\\\/cambre-expo.be\\\/evevenent\\\/concert-de-jazz-esprit-jazz\\\/#primaryimage\"},\"thumbnailUrl\":\"https:\\\/\\\/cambre-expo.be\\\/wp-content\\\/uploads\\\/2026\\\/04\\\/ok52-scaled.jpg\",\"datePublished\":\"2026-04-30T08:17:53+00:00\",\"breadcrumb\":{\"@id\":\"https:\\\/\\\/cambre-expo.be\\\/evevenent\\\/concert-de-jazz-esprit-jazz\\\/#breadcrumb\"},\"inLanguage\":\"en-GB\",\"potentialAction\":[{\"@type\":\"ReadAction\",\"target\":[\"https:\\\/\\\/cambre-expo.be\\\/evevenent\\\/concert-de-jazz-esprit-jazz\\\/\"]}]},{\"@type\":\"ImageObject\",\"inLanguage\":\"en-GB\",\"@id\":\"https:\\\/\\\/cambre-expo.be\\\/evevenent\\\/concert-de-jazz-esprit-jazz\\\/#primaryimage\",\"url\":\"https:\\\/\\\/cambre-expo.be\\\/wp-content\\\/uploads\\\/2026\\\/04\\\/ok52-scaled.jpg\",\"contentUrl\":\"https:\\\/\\\/cambre-expo.be\\\/wp-content\\\/uploads\\\/2026\\\/04\\\/ok52-scaled.jpg\",\"width\":2560,\"height\":1707},{\"@type\":\"BreadcrumbList\",\"@id\":\"https:\\\/\\\/cambre-expo.be\\\/evevenent\\\/concert-de-jazz-esprit-jazz\\\/#breadcrumb\",\"itemListElement\":[{\"@type\":\"ListItem\",\"position\":1,\"name\":\"Accueil\",\"item\":\"https:\\\/\\\/cambre-expo.be\\\/\"},{\"@type\":\"ListItem\",\"position\":2,\"name\":\"\u00c9v\u00e8nements\",\"item\":\"https:\\\/\\\/cambre-expo.be\\\/events\\\/\"},{\"@type\":\"ListItem\",\"position\":3,\"name\":\"Concert de jazz &#8211; ESPRIT JAZZ\"}]},{\"@type\":\"WebSite\",\"@id\":\"https:\\\/\\\/cambre-expo.be\\\/#website\",\"url\":\"https:\\\/\\\/cambre-expo.be\\\/\",\"name\":\"Cambre Expo\",\"description\":\"\",\"potentialAction\":[{\"@type\":\"SearchAction\",\"target\":{\"@type\":\"EntryPoint\",\"urlTemplate\":\"https:\\\/\\\/cambre-expo.be\\\/?s={search_term_string}\"},\"query-input\":{\"@type\":\"PropertyValueSpecification\",\"valueRequired\":true,\"valueName\":\"search_term_string\"}}],\"inLanguage\":\"en-GB\"}]}<\/script>\n<!-- \/ Yoast SEO plugin. -->","yoast_head_json":{"title":"Concert de jazz - ESPRIT JAZZ - Cambre Expo","robots":{"index":"index","follow":"follow","max-snippet":"max-snippet:-1","max-image-preview":"max-image-preview:large","max-video-preview":"max-video-preview:-1"},"canonical":"https:\/\/cambre-expo.be\/en\/evevenent\/concert-de-jazz-esprit-jazz\/","og_locale":"en_GB","og_type":"article","og_title":"Concert de jazz - ESPRIT JAZZ - Cambre Expo","og_description":"Lors de ce concert jazz intitul\u00e9 ESPRIT JAZZ, Jean-Fran\u00e7ois Jung et Thomas Diemert interpr\u00e9teront en premi\u00e8re partie du jazz de la Nouvelle-Orl\u00e9ans et en seconde partie des chansons francophones.","og_url":"https:\/\/cambre-expo.be\/en\/evevenent\/concert-de-jazz-esprit-jazz\/","og_site_name":"Cambre Expo","og_image":[{"width":2560,"height":1707,"url":"https:\/\/cambre-expo.be\/wp-content\/uploads\/2026\/04\/ok52-scaled.jpg","type":"image\/jpeg"}],"twitter_card":"summary_large_image","twitter_misc":{"Estimated reading time":"1 minute"},"schema":{"@context":"https:\/\/schema.org","@graph":[{"@type":"WebPage","@id":"https:\/\/cambre-expo.be\/evevenent\/concert-de-jazz-esprit-jazz\/","url":"https:\/\/cambre-expo.be\/evevenent\/concert-de-jazz-esprit-jazz\/","name":"Concert de jazz - ESPRIT JAZZ - Cambre Expo","isPartOf":{"@id":"https:\/\/cambre-expo.be\/#website"},"primaryImageOfPage":{"@id":"https:\/\/cambre-expo.be\/evevenent\/concert-de-jazz-esprit-jazz\/#primaryimage"},"image":{"@id":"https:\/\/cambre-expo.be\/evevenent\/concert-de-jazz-esprit-jazz\/#primaryimage"},"thumbnailUrl":"https:\/\/cambre-expo.be\/wp-content\/uploads\/2026\/04\/ok52-scaled.jpg","datePublished":"2026-04-30T08:17:53+00:00","breadcrumb":{"@id":"https:\/\/cambre-expo.be\/evevenent\/concert-de-jazz-esprit-jazz\/#breadcrumb"},"inLanguage":"en-GB","potentialAction":[{"@type":"ReadAction","target":["https:\/\/cambre-expo.be\/evevenent\/concert-de-jazz-esprit-jazz\/"]}]},{"@type":"ImageObject","inLanguage":"en-GB","@id":"https:\/\/cambre-expo.be\/evevenent\/concert-de-jazz-esprit-jazz\/#primaryimage","url":"https:\/\/cambre-expo.be\/wp-content\/uploads\/2026\/04\/ok52-scaled.jpg","contentUrl":"https:\/\/cambre-expo.be\/wp-content\/uploads\/2026\/04\/ok52-scaled.jpg","width":2560,"height":1707},{"@type":"BreadcrumbList","@id":"https:\/\/cambre-expo.be\/evevenent\/concert-de-jazz-esprit-jazz\/#breadcrumb","itemListElement":[{"@type":"ListItem","position":1,"name":"Accueil","item":"https:\/\/cambre-expo.be\/"},{"@type":"ListItem","position":2,"name":"\u00c9v\u00e8nements","item":"https:\/\/cambre-expo.be\/events\/"},{"@type":"ListItem","position":3,"name":"Concert de jazz &#8211; ESPRIT JAZZ"}]},{"@type":"WebSite","@id":"https:\/\/cambre-expo.be\/#website","url":"https:\/\/cambre-expo.be\/","name":"Cambre Expo","description":"","potentialAction":[{"@type":"SearchAction","target":{"@type":"EntryPoint","urlTemplate":"https:\/\/cambre-expo.be\/?s={search_term_string}"},"query-input":{"@type":"PropertyValueSpecification","valueRequired":true,"valueName":"search_term_string"}}],"inLanguage":"en-GB"}]}},"ticketed":["tc"],"_links":{"self":[{"href":"https:\/\/cambre-expo.be\/en\/wp-json\/wp\/v2\/tribe_events\/2083","targetHints":{"allow":["GET"]}}],"collection":[{"href":"https:\/\/cambre-expo.be\/en\/wp-json\/wp\/v2\/tribe_events"}],"about":[{"href":"https:\/\/cambre-expo.be\/en\/wp-json\/wp\/v2\/types\/tribe_events"}],"author":[{"embeddable":true,"href":"https:\/\/cambre-expo.be\/en\/wp-json\/wp\/v2\/users\/1"}],"version-history":[{"count":1,"href":"https:\/\/cambre-expo.be\/en\/wp-json\/wp\/v2\/tribe_events\/2083\/revisions"}],"predecessor-version":[{"id":2085,"href":"https:\/\/cambre-expo.be\/en\/wp-json\/wp\/v2\/tribe_events\/2083\/revisions\/2085"}],"wp:featuredmedia":[{"embeddable":true,"href":"https:\/\/cambre-expo.be\/en\/wp-json\/wp\/v2\/media\/2074"}],"wp:attachment":[{"href":"https:\/\/cambre-expo.be\/en\/wp-json\/wp\/v2\/media?parent=2083"}],"wp:term":[{"taxonomy":"post_tag","embeddable":true,"href":"https:\/\/cambre-expo.be\/en\/wp-json\/wp\/v2\/tags?post=2083"},{"taxonomy":"tribe_events_cat","embeddable":true,"href":"https:\/\/cambre-expo.be\/en\/wp-json\/wp\/v2\/tribe_events_cat?post=2083"}],"curies":[{"name":"wp","href":"https:\/\/api.w.org\/{rel}","templated":true}]}}

<p>Lors de ce concert jazz intitulé ESPRIT JAZZ, Jean-François Jung et Thomas Diemert interpréteront en première partie du jazz de la Nouvelle-Orléans et en seconde partie des chansons francophones.</p>

<!-- This site is optimized with the Yoast SEO plugin v27.5 - https://yoast.com/product/yoast-seo-wordpress/ -->
<title>Concert de jazz - ESPRIT JAZZ - Cambre Expo</title>
<meta name="robots" content="index, follow, max-snippet:-1, max-image-preview:large, max-video-preview:-1" />
<link rel="canonical" href="https://cambre-expo.be/en/evevenent/concert-de-jazz-esprit-jazz/" />
<meta property="og:locale" content="en_GB" />
<meta property="og:type" content="article" />
<meta property="og:title" content="Concert de jazz - ESPRIT JAZZ - Cambre Expo" />
<meta property="og:description" content="Lors de ce concert jazz intitulé ESPRIT JAZZ, Jean-François Jung et Thomas Diemert interpréteront en première partie du jazz de la Nouvelle-Orléans et en seconde partie des chansons francophones." />
<meta property="og:url" content="https://cambre-expo.be/en/evevenent/concert-de-jazz-esprit-jazz/" />
<meta property="og:site_name" content="Cambre Expo" />
<meta property="og:image" content="https://cambre-expo.be/wp-content/uploads/2026/04/ok52-scaled.jpg" />
	<meta property="og:image:width" content="2560" />
	<meta property="og:image:height" content="1707" />
	<meta property="og:image:type" content="image/jpeg" />
<meta name="twitter:card" content="summary_large_image" />
<meta name="twitter:label1" content="Estimated reading time" />
	<meta name="twitter:data1" content="1 minute" />
<script type="application/ld+json" class="yoast-schema-graph">{"@context":"https:\/\/schema.org","@graph":[{"@type":"WebPage","@id":"https:\/\/cambre-expo.be\/evevenent\/concert-de-jazz-esprit-jazz\/","url":"https:\/\/cambre-expo.be\/evevenent\/concert-de-jazz-esprit-jazz\/","name":"Concert de jazz - ESPRIT JAZZ - Cambre Expo","isPartOf":{"@id":"https:\/\/cambre-expo.be\/#website"},"primaryImageOfPage":{"@id":"https:\/\/cambre-expo.be\/evevenent\/concert-de-jazz-esprit-jazz\/#primaryimage"},"image":{"@id":"https:\/\/cambre-expo.be\/evevenent\/concert-de-jazz-esprit-jazz\/#primaryimage"},"thumbnailUrl":"https:\/\/cambre-expo.be\/wp-content\/uploads\/2026\/04\/ok52-scaled.jpg","datePublished":"2026-04-30T08:17:53+00:00","breadcrumb":{"@id":"https:\/\/cambre-expo.be\/evevenent\/concert-de-jazz-esprit-jazz\/#breadcrumb"},"inLanguage":"en-GB","potentialAction":[{"@type":"ReadAction","target":["https:\/\/cambre-expo.be\/evevenent\/concert-de-jazz-esprit-jazz\/"]}]},{"@type":"ImageObject","inLanguage":"en-GB","@id":"https:\/\/cambre-expo.be\/evevenent\/concert-de-jazz-esprit-jazz\/#primaryimage","url":"https:\/\/cambre-expo.be\/wp-content\/uploads\/2026\/04\/ok52-scaled.jpg","contentUrl":"https:\/\/cambre-expo.be\/wp-content\/uploads\/2026\/04\/ok52-scaled.jpg","width":2560,"height":1707},{"@type":"BreadcrumbList","@id":"https:\/\/cambre-expo.be\/evevenent\/concert-de-jazz-esprit-jazz\/#breadcrumb","itemListElement":[{"@type":"ListItem","position":1,"name":"Accueil","item":"https:\/\/cambre-expo.be\/"},{"@type":"ListItem","position":2,"name":"Évènements","item":"https:\/\/cambre-expo.be\/events\/"},{"@type":"ListItem","position":3,"name":"Concert de jazz &#8211; ESPRIT JAZZ"}]},{"@type":"WebSite","@id":"https:\/\/cambre-expo.be\/#website","url":"https:\/\/cambre-expo.be\/","name":"Cambre Expo","description":"","potentialAction":[{"@type":"SearchAction","target":{"@type":"EntryPoint","urlTemplate":"https:\/\/cambre-expo.be\/?s={search_term_string}"},"query-input":{"@type":"PropertyValueSpecification","valueRequired":true,"valueName":"search_term_string"}}],"inLanguage":"en-GB"}]}</script>
<!-- / Yoast SEO plugin. -->

Lors de ce concert jazz intitulé ESPRIT JAZZ, Jean-François Jung et Thomas Diemert interpréteront en première partie du jazz de la Nouvelle-Orléans et en seconde partie des chansons francophones.

Évènements
