{"id":1747,"date":"2026-03-24T10:46:21","date_gmt":"2026-03-24T09:46:21","guid":{"rendered":"https:\/\/cambre-expo.be\/?post_type=tribe_events&#038;p=1747"},"modified":"2026-03-24T13:25:14","modified_gmt":"2026-03-24T12:25:14","slug":"guitar-concert-duo-cosnefroy-miralles","status":"publish","type":"tribe_events","link":"https:\/\/cambre-expo.be\/en\/evevenent\/concert-de-guitares-duo-cosnefroy-miralles\/","title":{"rendered":"Guitar concert - Duo Cosnefroy-Miralles"},"content":{"rendered":"<p>The programme:<\/p>\n<p>C\u00e9sar Franck: Prelude, Fugue and Variations<br \/>\nI. Prelude<br \/>\nII. Fugue<br \/>\nIII. Variations<\/p>\n<p>Alessandro Marcello - J. S. Bach: Concerto for oboe and violin<br \/>\nstrings in D minor, arr. for 2 guitars by Drew Henderson<\/p>\n<p>I. Andante e spiccato<br \/>\nII. Adagio<br \/>\nIII. PRESTO Presto<\/p>\n<p>Ernesto Halffter: Danza de la Gitana<br \/>\nDanza de la Pastora<\/p>\n<p>Ida Presti: Avila dance<\/p>\n<p>Antonio Vivaldi: Concerto in D Major, RV 230<\/p>\n<p>I. Andante e spiccato<br \/>\nII. Larghetto<br \/>\nIII. ALLEGRO Allegro<\/p>\n<p>&nbsp;<\/p>","protected":false},"excerpt":{"rendered":"<p>Programme: C\u00e9sar Franck : Pr\u00e9lude, Fugue et Variations I. Pr\u00e9lude II. Fugue III. Variations Alessandro Marcello &#8211; J. S. Bach : Concerto pour hautbois et cordes en r\u00e9 mineur, arr. [&hellip;]<\/p>\n","protected":false},"author":1,"featured_media":1738,"template":"","meta":{"_price":"","_stock":"","_tribe_ticket_header":"","_tribe_default_ticket_provider":"TEC\\Tickets\\Commerce\\Module","_tribe_ticket_capacity":"0","_ticket_start_date":"","_ticket_end_date":"","_tribe_ticket_show_description":"","_tribe_ticket_show_not_going":false,"_tribe_ticket_use_global_stock":"","_tribe_ticket_global_stock_level":"","_global_stock_mode":"","_global_stock_cap":"","_tribe_rsvp_for_event":"","_tribe_ticket_going_count":"","_tribe_ticket_not_going_count":"","_tribe_tickets_list":"[{\"id\":1748,\"type\":\"default\",\"title\":\"Billet standart\",\"description\":\"\",\"capacityType\":\"own\",\"price\":\"18\",\"capacity\":60,\"available\":60,\"sharedCapacity\":60,\"sold\":0,\"shareSold\":0,\"isShared\":false,\"currencyDecimalPoint\":\".\",\"currencyNumberOfDecimals\":2,\"currencyPosition\":\"prefix\",\"currencySymbol\":\"\\u20ac\",\"currencyThousandsSep\":\",\"}]","_tribe_ticket_has_attendee_info_fields":false,"_tribe_events_status":"","_tribe_events_status_reason":"","footnotes":"","_tec_slr_enabled":"","_tec_slr_layout":""},"tags":[],"tribe_events_cat":[],"class_list":["post-1747","tribe_events","type-tribe_events","status-publish","has-post-thumbnail","hentry"],"yoast_head":"<!-- This site is optimized with the Yoast SEO plugin v27.5 - https:\/\/yoast.com\/product\/yoast-seo-wordpress\/ -->\n<title>Concert de guitares - Duo Cosnefroy-Miralles - Cambre Expo<\/title>\n<meta name=\"robots\" content=\"index, follow, max-snippet:-1, max-image-preview:large, max-video-preview:-1\" \/>\n<link rel=\"canonical\" href=\"https:\/\/cambre-expo.be\/en\/evevenent\/guitar-concert-duo-cosnefroy-miralles\/\" \/>\n<meta property=\"og:locale\" content=\"en_GB\" \/>\n<meta property=\"og:type\" content=\"article\" \/>\n<meta property=\"og:title\" content=\"Concert de guitares - Duo Cosnefroy-Miralles - Cambre Expo\" \/>\n<meta property=\"og:description\" content=\"Programme: C\u00e9sar Franck : Pr\u00e9lude, Fugue et Variations I. Pr\u00e9lude II. Fugue III. Variations Alessandro Marcello &#8211; J. S. Bach : Concerto pour hautbois et cordes en r\u00e9 mineur, arr. [&hellip;]\" \/>\n<meta property=\"og:url\" content=\"https:\/\/cambre-expo.be\/en\/evevenent\/guitar-concert-duo-cosnefroy-miralles\/\" \/>\n<meta property=\"og:site_name\" content=\"Cambre Expo\" \/>\n<meta property=\"article:modified_time\" content=\"2026-03-24T12:25:14+00:00\" \/>\n<meta property=\"og:image\" content=\"https:\/\/cambre-expo.be\/wp-content\/uploads\/2026\/03\/FB_IMG_1714851737475-002.jpg\" \/>\n\t<meta property=\"og:image:width\" content=\"1080\" \/>\n\t<meta property=\"og:image:height\" content=\"634\" \/>\n\t<meta property=\"og:image:type\" content=\"image\/jpeg\" \/>\n<meta name=\"twitter:card\" content=\"summary_large_image\" \/>\n<meta name=\"twitter:label1\" content=\"Estimated reading time\" \/>\n\t<meta name=\"twitter:data1\" content=\"1 minute\" \/>\n<script type=\"application\/ld+json\" class=\"yoast-schema-graph\">{\"@context\":\"https:\\\/\\\/schema.org\",\"@graph\":[{\"@type\":\"WebPage\",\"@id\":\"https:\\\/\\\/cambre-expo.be\\\/evevenent\\\/concert-de-guitares-duo-cosnefroy-miralles\\\/\",\"url\":\"https:\\\/\\\/cambre-expo.be\\\/evevenent\\\/concert-de-guitares-duo-cosnefroy-miralles\\\/\",\"name\":\"Concert de guitares - Duo Cosnefroy-Miralles - Cambre Expo\",\"isPartOf\":{\"@id\":\"https:\\\/\\\/cambre-expo.be\\\/#website\"},\"primaryImageOfPage\":{\"@id\":\"https:\\\/\\\/cambre-expo.be\\\/evevenent\\\/concert-de-guitares-duo-cosnefroy-miralles\\\/#primaryimage\"},\"image\":{\"@id\":\"https:\\\/\\\/cambre-expo.be\\\/evevenent\\\/concert-de-guitares-duo-cosnefroy-miralles\\\/#primaryimage\"},\"thumbnailUrl\":\"https:\\\/\\\/cambre-expo.be\\\/wp-content\\\/uploads\\\/2026\\\/03\\\/FB_IMG_1714851737475-002.jpg\",\"datePublished\":\"2026-03-24T09:46:21+00:00\",\"dateModified\":\"2026-03-24T12:25:14+00:00\",\"breadcrumb\":{\"@id\":\"https:\\\/\\\/cambre-expo.be\\\/evevenent\\\/concert-de-guitares-duo-cosnefroy-miralles\\\/#breadcrumb\"},\"inLanguage\":\"en-GB\",\"potentialAction\":[{\"@type\":\"ReadAction\",\"target\":[\"https:\\\/\\\/cambre-expo.be\\\/evevenent\\\/concert-de-guitares-duo-cosnefroy-miralles\\\/\"]}]},{\"@type\":\"ImageObject\",\"inLanguage\":\"en-GB\",\"@id\":\"https:\\\/\\\/cambre-expo.be\\\/evevenent\\\/concert-de-guitares-duo-cosnefroy-miralles\\\/#primaryimage\",\"url\":\"https:\\\/\\\/cambre-expo.be\\\/wp-content\\\/uploads\\\/2026\\\/03\\\/FB_IMG_1714851737475-002.jpg\",\"contentUrl\":\"https:\\\/\\\/cambre-expo.be\\\/wp-content\\\/uploads\\\/2026\\\/03\\\/FB_IMG_1714851737475-002.jpg\",\"width\":1080,\"height\":634},{\"@type\":\"BreadcrumbList\",\"@id\":\"https:\\\/\\\/cambre-expo.be\\\/evevenent\\\/concert-de-guitares-duo-cosnefroy-miralles\\\/#breadcrumb\",\"itemListElement\":[{\"@type\":\"ListItem\",\"position\":1,\"name\":\"Accueil\",\"item\":\"https:\\\/\\\/cambre-expo.be\\\/\"},{\"@type\":\"ListItem\",\"position\":2,\"name\":\"\u00c9v\u00e8nements\",\"item\":\"https:\\\/\\\/cambre-expo.be\\\/events\\\/\"},{\"@type\":\"ListItem\",\"position\":3,\"name\":\"Concert de guitares &#8211; Duo Cosnefroy-Miralles\"}]},{\"@type\":\"WebSite\",\"@id\":\"https:\\\/\\\/cambre-expo.be\\\/#website\",\"url\":\"https:\\\/\\\/cambre-expo.be\\\/\",\"name\":\"Cambre Expo\",\"description\":\"\",\"potentialAction\":[{\"@type\":\"SearchAction\",\"target\":{\"@type\":\"EntryPoint\",\"urlTemplate\":\"https:\\\/\\\/cambre-expo.be\\\/?s={search_term_string}\"},\"query-input\":{\"@type\":\"PropertyValueSpecification\",\"valueRequired\":true,\"valueName\":\"search_term_string\"}}],\"inLanguage\":\"en-GB\"}]}<\/script>\n<!-- \/ Yoast SEO plugin. -->","yoast_head_json":{"title":"Guitar concert - Duo Cosnefroy-Miralles - Cambre Expo","robots":{"index":"index","follow":"follow","max-snippet":"max-snippet:-1","max-image-preview":"max-image-preview:large","max-video-preview":"max-video-preview:-1"},"canonical":"https:\/\/cambre-expo.be\/en\/evevenent\/guitar-concert-duo-cosnefroy-miralles\/","og_locale":"en_GB","og_type":"article","og_title":"Concert de guitares - Duo Cosnefroy-Miralles - Cambre Expo","og_description":"Programme: C\u00e9sar Franck : Pr\u00e9lude, Fugue et Variations I. Pr\u00e9lude II. Fugue III. Variations Alessandro Marcello &#8211; J. S. Bach : Concerto pour hautbois et cordes en r\u00e9 mineur, arr. [&hellip;]","og_url":"https:\/\/cambre-expo.be\/en\/evevenent\/guitar-concert-duo-cosnefroy-miralles\/","og_site_name":"Cambre Expo","article_modified_time":"2026-03-24T12:25:14+00:00","og_image":[{"width":1080,"height":634,"url":"https:\/\/cambre-expo.be\/wp-content\/uploads\/2026\/03\/FB_IMG_1714851737475-002.jpg","type":"image\/jpeg"}],"twitter_card":"summary_large_image","twitter_misc":{"Estimated reading time":"1 minute"},"schema":{"@context":"https:\/\/schema.org","@graph":[{"@type":"WebPage","@id":"https:\/\/cambre-expo.be\/evevenent\/concert-de-guitares-duo-cosnefroy-miralles\/","url":"https:\/\/cambre-expo.be\/evevenent\/concert-de-guitares-duo-cosnefroy-miralles\/","name":"Guitar concert - Duo Cosnefroy-Miralles - Cambre Expo","isPartOf":{"@id":"https:\/\/cambre-expo.be\/#website"},"primaryImageOfPage":{"@id":"https:\/\/cambre-expo.be\/evevenent\/concert-de-guitares-duo-cosnefroy-miralles\/#primaryimage"},"image":{"@id":"https:\/\/cambre-expo.be\/evevenent\/concert-de-guitares-duo-cosnefroy-miralles\/#primaryimage"},"thumbnailUrl":"https:\/\/cambre-expo.be\/wp-content\/uploads\/2026\/03\/FB_IMG_1714851737475-002.jpg","datePublished":"2026-03-24T09:46:21+00:00","dateModified":"2026-03-24T12:25:14+00:00","breadcrumb":{"@id":"https:\/\/cambre-expo.be\/evevenent\/concert-de-guitares-duo-cosnefroy-miralles\/#breadcrumb"},"inLanguage":"en-GB","potentialAction":[{"@type":"ReadAction","target":["https:\/\/cambre-expo.be\/evevenent\/concert-de-guitares-duo-cosnefroy-miralles\/"]}]},{"@type":"ImageObject","inLanguage":"en-GB","@id":"https:\/\/cambre-expo.be\/evevenent\/concert-de-guitares-duo-cosnefroy-miralles\/#primaryimage","url":"https:\/\/cambre-expo.be\/wp-content\/uploads\/2026\/03\/FB_IMG_1714851737475-002.jpg","contentUrl":"https:\/\/cambre-expo.be\/wp-content\/uploads\/2026\/03\/FB_IMG_1714851737475-002.jpg","width":1080,"height":634},{"@type":"BreadcrumbList","@id":"https:\/\/cambre-expo.be\/evevenent\/concert-de-guitares-duo-cosnefroy-miralles\/#breadcrumb","itemListElement":[{"@type":"ListItem","position":1,"name":"Accueil","item":"https:\/\/cambre-expo.be\/"},{"@type":"ListItem","position":2,"name":"\u00c9v\u00e8nements","item":"https:\/\/cambre-expo.be\/events\/"},{"@type":"ListItem","position":3,"name":"Concert de guitares &#8211; Duo Cosnefroy-Miralles"}]},{"@type":"WebSite","@id":"https:\/\/cambre-expo.be\/#website","url":"https:\/\/cambre-expo.be\/","name":"Cambre Expo","description":"","potentialAction":[{"@type":"SearchAction","target":{"@type":"EntryPoint","urlTemplate":"https:\/\/cambre-expo.be\/?s={search_term_string}"},"query-input":{"@type":"PropertyValueSpecification","valueRequired":true,"valueName":"search_term_string"}}],"inLanguage":"en-GB"}]}},"ticketed":["tc"],"_links":{"self":[{"href":"https:\/\/cambre-expo.be\/en\/wp-json\/wp\/v2\/tribe_events\/1747","targetHints":{"allow":["GET"]}}],"collection":[{"href":"https:\/\/cambre-expo.be\/en\/wp-json\/wp\/v2\/tribe_events"}],"about":[{"href":"https:\/\/cambre-expo.be\/en\/wp-json\/wp\/v2\/types\/tribe_events"}],"author":[{"embeddable":true,"href":"https:\/\/cambre-expo.be\/en\/wp-json\/wp\/v2\/users\/1"}],"version-history":[{"count":3,"href":"https:\/\/cambre-expo.be\/en\/wp-json\/wp\/v2\/tribe_events\/1747\/revisions"}],"predecessor-version":[{"id":1772,"href":"https:\/\/cambre-expo.be\/en\/wp-json\/wp\/v2\/tribe_events\/1747\/revisions\/1772"}],"wp:featuredmedia":[{"embeddable":true,"href":"https:\/\/cambre-expo.be\/en\/wp-json\/wp\/v2\/media\/1738"}],"wp:attachment":[{"href":"https:\/\/cambre-expo.be\/en\/wp-json\/wp\/v2\/media?parent=1747"}],"wp:term":[{"taxonomy":"post_tag","embeddable":true,"href":"https:\/\/cambre-expo.be\/en\/wp-json\/wp\/v2\/tags?post=1747"},{"taxonomy":"tribe_events_cat","embeddable":true,"href":"https:\/\/cambre-expo.be\/en\/wp-json\/wp\/v2\/tribe_events_cat?post=1747"}],"curies":[{"name":"wp","href":"https:\/\/api.w.org\/{rel}","templated":true}]}}

<p>The programme:</p>
<p>César Franck: Prelude, Fugue and Variations<br />
I. Prelude<br />
II. Fugue<br />
III. Variations</p>
<p>Alessandro Marcello - J. S. Bach: Concerto for oboe and violin<br />
strings in D minor, arr. for 2 guitars by Drew Henderson</p>
<p>I. Andante e spiccato<br />
II. Adagio<br />
III. PRESTO Presto</p>
<p>Ernesto Halffter: Danza de la Gitana<br />
Danza de la Pastora</p>
<p>Ida Presti: Avila dance</p>
<p>Antonio Vivaldi: Concerto in D Major, RV 230</p>
<p>I. Andante e spiccato<br />
II. Larghetto<br />
III. ALLEGRO Allegro</p>
<p>&nbsp;</p>

<p>Programme: César Franck : Prélude, Fugue et Variations I. Prélude II. Fugue III. Variations Alessandro Marcello &#8211; J. S. Bach : Concerto pour hautbois et cordes en ré mineur, arr. [&hellip;]</p>

<!-- This site is optimized with the Yoast SEO plugin v27.5 - https://yoast.com/product/yoast-seo-wordpress/ -->
<title>Concert de guitares - Duo Cosnefroy-Miralles - Cambre Expo</title>
<meta name="robots" content="index, follow, max-snippet:-1, max-image-preview:large, max-video-preview:-1" />
<link rel="canonical" href="https://cambre-expo.be/en/evevenent/guitar-concert-duo-cosnefroy-miralles/" />
<meta property="og:locale" content="en_GB" />
<meta property="og:type" content="article" />
<meta property="og:title" content="Concert de guitares - Duo Cosnefroy-Miralles - Cambre Expo" />
<meta property="og:description" content="Programme: César Franck : Prélude, Fugue et Variations I. Prélude II. Fugue III. Variations Alessandro Marcello &#8211; J. S. Bach : Concerto pour hautbois et cordes en ré mineur, arr. [&hellip;]" />
<meta property="og:url" content="https://cambre-expo.be/en/evevenent/guitar-concert-duo-cosnefroy-miralles/" />
<meta property="og:site_name" content="Cambre Expo" />
<meta property="article:modified_time" content="2026-03-24T12:25:14+00:00" />
<meta property="og:image" content="https://cambre-expo.be/wp-content/uploads/2026/03/FB_IMG_1714851737475-002.jpg" />
	<meta property="og:image:width" content="1080" />
	<meta property="og:image:height" content="634" />
	<meta property="og:image:type" content="image/jpeg" />
<meta name="twitter:card" content="summary_large_image" />
<meta name="twitter:label1" content="Estimated reading time" />
	<meta name="twitter:data1" content="1 minute" />
<script type="application/ld+json" class="yoast-schema-graph">{"@context":"https:\/\/schema.org","@graph":[{"@type":"WebPage","@id":"https:\/\/cambre-expo.be\/evevenent\/concert-de-guitares-duo-cosnefroy-miralles\/","url":"https:\/\/cambre-expo.be\/evevenent\/concert-de-guitares-duo-cosnefroy-miralles\/","name":"Concert de guitares - Duo Cosnefroy-Miralles - Cambre Expo","isPartOf":{"@id":"https:\/\/cambre-expo.be\/#website"},"primaryImageOfPage":{"@id":"https:\/\/cambre-expo.be\/evevenent\/concert-de-guitares-duo-cosnefroy-miralles\/#primaryimage"},"image":{"@id":"https:\/\/cambre-expo.be\/evevenent\/concert-de-guitares-duo-cosnefroy-miralles\/#primaryimage"},"thumbnailUrl":"https:\/\/cambre-expo.be\/wp-content\/uploads\/2026\/03\/FB_IMG_1714851737475-002.jpg","datePublished":"2026-03-24T09:46:21+00:00","dateModified":"2026-03-24T12:25:14+00:00","breadcrumb":{"@id":"https:\/\/cambre-expo.be\/evevenent\/concert-de-guitares-duo-cosnefroy-miralles\/#breadcrumb"},"inLanguage":"en-GB","potentialAction":[{"@type":"ReadAction","target":["https:\/\/cambre-expo.be\/evevenent\/concert-de-guitares-duo-cosnefroy-miralles\/"]}]},{"@type":"ImageObject","inLanguage":"en-GB","@id":"https:\/\/cambre-expo.be\/evevenent\/concert-de-guitares-duo-cosnefroy-miralles\/#primaryimage","url":"https:\/\/cambre-expo.be\/wp-content\/uploads\/2026\/03\/FB_IMG_1714851737475-002.jpg","contentUrl":"https:\/\/cambre-expo.be\/wp-content\/uploads\/2026\/03\/FB_IMG_1714851737475-002.jpg","width":1080,"height":634},{"@type":"BreadcrumbList","@id":"https:\/\/cambre-expo.be\/evevenent\/concert-de-guitares-duo-cosnefroy-miralles\/#breadcrumb","itemListElement":[{"@type":"ListItem","position":1,"name":"Accueil","item":"https:\/\/cambre-expo.be\/"},{"@type":"ListItem","position":2,"name":"Évènements","item":"https:\/\/cambre-expo.be\/events\/"},{"@type":"ListItem","position":3,"name":"Concert de guitares &#8211; Duo Cosnefroy-Miralles"}]},{"@type":"WebSite","@id":"https:\/\/cambre-expo.be\/#website","url":"https:\/\/cambre-expo.be\/","name":"Cambre Expo","description":"","potentialAction":[{"@type":"SearchAction","target":{"@type":"EntryPoint","urlTemplate":"https:\/\/cambre-expo.be\/?s={search_term_string}"},"query-input":{"@type":"PropertyValueSpecification","valueRequired":true,"valueName":"search_term_string"}}],"inLanguage":"en-GB"}]}</script>
<!-- / Yoast SEO plugin. -->

Programme: César Franck : Prélude, Fugue et Variations I. Prélude II. Fugue III. Variations Alessandro Marcello &#8211; J. S. Bach : Concerto pour hautbois et cordes en ré mineur, arr. [&hellip;]

Évènements
